{"id":66,"date":"2018-07-05T09:58:04","date_gmt":"2018-07-05T07:58:04","guid":{"rendered":"http:\/\/dobry-kontakt.pl\/?page_id=66"},"modified":"2026-02-27T17:56:11","modified_gmt":"2026-02-27T16:56:11","slug":"strona-glowna","status":"publish","type":"page","link":"https:\/\/dobry-kontakt.pl\/","title":{"rendered":"Start"},"content":{"rendered":"<h1>Magdalena Krajewska<\/h1>\n<p style=\"padding-left: 30px;\">Certyfikowany Psychoterapeuta Gestalt (certyfikaty PTPG i EAGT)<\/p>\n<p style=\"padding-left: 30px;\">Certyfikowany Specjalista Psychoterapii Uzale\u017cnie\u0144<\/p>\n<p>Rejestracja telefoniczna (preferowana):<br \/><strong><br \/>\u00a0\u00a0\u00a0\u00a0\u00a0\u00a0\u00a0\u00a0\u00a0 731 279 187<\/strong><\/p>\n<p>Rejestracja e-mail:<\/p>\n<p>\u00a0\u00a0\u00a0\u00a0\u00a0\u00a0\u00a0\u00a0\u00a0\u00a0 <strong>kontakt@dobry-kontakt.pl<\/strong><\/p>\n<h1>Proponuj\u0119<\/h1>\n<p style=\"padding-left: 30px;\">&#8211; psychoterapi\u0119 indywidualn\u0105<\/p>\n<p style=\"padding-left: 30px;\">&#8211; psychoterapi\u0119 dla par<\/p>\n<h1>Je\u017celi<\/h1>\n<p style=\"padding-left: 30px;\">&#8211; jeste\u015b w kryzysie<\/p>\n<p style=\"padding-left: 30px;\">&#8211; potrzebujesz pomocy lub wsparcia<\/p>\n<p style=\"padding-left: 30px;\">&#8211; masz problemy osobiste lub emocjonalne<\/p>\n<p style=\"padding-left: 30px;\">&#8211; masz problemy w relacjach z innymi<\/p>\n<p style=\"padding-left: 30px;\">&#8211; jeste\u015b uzale\u017cniony lub wsp\u00f3\u0142uzale\u017cniony<\/p>\n<h1>zapraszam do kontaktu<\/h1>\n\n\n<p><\/p>\n","protected":false},"excerpt":{"rendered":"<p>Magdalena Krajewska Certyfikowany Psychoterapeuta Gestalt (certyfikaty PTPG i EAGT) Certyfikowany Specjalista Psychoterapii Uzale\u017cnie\u0144 Rejestracja telefoniczna (preferowana):\u00a0\u00a0\u00a0\u00a0\u00a0\u00a0\u00a0\u00a0\u00a0 731 279 187 Rejestracja e-mail: \u00a0\u00a0\u00a0\u00a0\u00a0\u00a0\u00a0\u00a0\u00a0\u00a0 kontakt@dobry-kontakt.pl Proponuj\u0119 &#8211; psychoterapi\u0119 indywidualn\u0105 &#8211; psychoterapi\u0119 dla par Je\u017celi &#8211; jeste\u015b w kryzysie &#8211; potrzebujesz pomocy lub wsparcia &#8211; masz problemy osobiste lub emocjonalne &#8211; masz problemy w relacjach z innymi &#8211; &hellip; <\/p>\n<p class=\"link-more\"><a href=\"https:\/\/dobry-kontakt.pl\/\" class=\"more-link\">Czytaj dalej<span class=\"screen-reader-text\"> \u201eStart\u201d<\/span><\/a><\/p>\n","protected":false},"author":1,"featured_media":0,"parent":0,"menu_order":0,"comment_status":"closed","ping_status":"closed","template":"","meta":{"footnotes":""},"class_list":["post-66","page","type-page","status-publish","hentry"],"yoast_head":"<!-- This site is optimized with the Yoast SEO plugin v24.2 - https:\/\/yoast.com\/wordpress\/plugins\/seo\/ -->\n<title>Start | Gabinet psychoterapeutyczny \u00a0Dobry Kontakt<\/title>\n<meta name=\"description\" content=\"Gestalt, psychoterapia, psychoterapeuta, terapia, D\u0119bica, problemy, uzale\u017cnienie, alkoholizm, terapia par, terapia indywidualna\" \/>\n<meta name=\"robots\" content=\"index, follow, max-snippet:-1, max-image-preview:large, max-video-preview:-1\" \/>\n<link rel=\"canonical\" href=\"https:\/\/dobry-kontakt.pl\/\" \/>\n<meta property=\"og:locale\" content=\"pl_PL\" \/>\n<meta property=\"og:type\" content=\"article\" \/>\n<meta property=\"og:title\" content=\"Start | Gabinet psychoterapeutyczny \u00a0Dobry Kontakt\" \/>\n<meta property=\"og:description\" content=\"Gestalt, psychoterapia, psychoterapeuta, terapia, D\u0119bica, problemy, uzale\u017cnienie, alkoholizm, terapia par, terapia indywidualna\" \/>\n<meta property=\"og:url\" content=\"https:\/\/dobry-kontakt.pl\/\" \/>\n<meta property=\"og:site_name\" content=\"Gabinet psychoterapeutyczny \u00a0Dobry Kontakt\" \/>\n<meta property=\"article:modified_time\" content=\"2026-02-27T16:56:11+00:00\" \/>\n<meta name=\"twitter:card\" content=\"summary_large_image\" \/>\n<meta name=\"twitter:label1\" content=\"Szacowany czas czytania\" \/>\n\t<meta name=\"twitter:data1\" content=\"1 minuta\" \/>\n<script type=\"application\/ld+json\" class=\"yoast-schema-graph\">{\"@context\":\"https:\/\/schema.org\",\"@graph\":[{\"@type\":\"WebPage\",\"@id\":\"https:\/\/dobry-kontakt.pl\/\",\"url\":\"https:\/\/dobry-kontakt.pl\/\",\"name\":\"Start | Gabinet psychoterapeutyczny \u00a0Dobry Kontakt\",\"isPartOf\":{\"@id\":\"https:\/\/dobry-kontakt.pl\/#website\"},\"datePublished\":\"2018-07-05T07:58:04+00:00\",\"dateModified\":\"2026-02-27T16:56:11+00:00\",\"description\":\"Gestalt, psychoterapia, psychoterapeuta, terapia, D\u0119bica, problemy, uzale\u017cnienie, alkoholizm, terapia par, terapia indywidualna\",\"breadcrumb\":{\"@id\":\"https:\/\/dobry-kontakt.pl\/#breadcrumb\"},\"inLanguage\":\"pl-PL\",\"potentialAction\":[{\"@type\":\"ReadAction\",\"target\":[\"https:\/\/dobry-kontakt.pl\/\"]}]},{\"@type\":\"BreadcrumbList\",\"@id\":\"https:\/\/dobry-kontakt.pl\/#breadcrumb\",\"itemListElement\":[{\"@type\":\"ListItem\",\"position\":1,\"name\":\"Strona g\u0142\u00f3wna\",\"item\":\"https:\/\/dobry-kontakt.pl\/\"},{\"@type\":\"ListItem\",\"position\":2,\"name\":\"Start\"}]},{\"@type\":\"WebSite\",\"@id\":\"https:\/\/dobry-kontakt.pl\/#website\",\"url\":\"https:\/\/dobry-kontakt.pl\/\",\"name\":\"Gabinet psychoterapeutyczny \u00a0Dobry Kontakt\",\"description\":\"Terapia indywidualna. Terapia par. Terapia uzale\u017cnie\u0144.\",\"publisher\":{\"@id\":\"https:\/\/dobry-kontakt.pl\/#organization\"},\"potentialAction\":[{\"@type\":\"SearchAction\",\"target\":{\"@type\":\"EntryPoint\",\"urlTemplate\":\"https:\/\/dobry-kontakt.pl\/?s={search_term_string}\"},\"query-input\":{\"@type\":\"PropertyValueSpecification\",\"valueRequired\":true,\"valueName\":\"search_term_string\"}}],\"inLanguage\":\"pl-PL\"},{\"@type\":\"Organization\",\"@id\":\"https:\/\/dobry-kontakt.pl\/#organization\",\"name\":\"Gabinet Psychoterapeutyczny \\\"Dobry kontakt\\\"\",\"url\":\"https:\/\/dobry-kontakt.pl\/\",\"logo\":{\"@type\":\"ImageObject\",\"inLanguage\":\"pl-PL\",\"@id\":\"https:\/\/dobry-kontakt.pl\/#\/schema\/logo\/image\/\",\"url\":\"https:\/\/dobry-kontakt.pl\/wp-content\/uploads\/2018\/07\/Logo-gabinet.png\",\"contentUrl\":\"https:\/\/dobry-kontakt.pl\/wp-content\/uploads\/2018\/07\/Logo-gabinet.png\",\"width\":340,\"height\":347,\"caption\":\"Gabinet Psychoterapeutyczny \\\"Dobry kontakt\\\"\"},\"image\":{\"@id\":\"https:\/\/dobry-kontakt.pl\/#\/schema\/logo\/image\/\"}}]}<\/script>\n<!-- \/ Yoast SEO plugin. -->","yoast_head_json":{"title":"Start | Gabinet psychoterapeutyczny \u00a0Dobry Kontakt","description":"Gestalt, psychoterapia, psychoterapeuta, terapia, D\u0119bica, problemy, uzale\u017cnienie, alkoholizm, terapia par, terapia indywidualna","robots":{"index":"index","follow":"follow","max-snippet":"max-snippet:-1","max-image-preview":"max-image-preview:large","max-video-preview":"max-video-preview:-1"},"canonical":"https:\/\/dobry-kontakt.pl\/","og_locale":"pl_PL","og_type":"article","og_title":"Start | Gabinet psychoterapeutyczny \u00a0Dobry Kontakt","og_description":"Gestalt, psychoterapia, psychoterapeuta, terapia, D\u0119bica, problemy, uzale\u017cnienie, alkoholizm, terapia par, terapia indywidualna","og_url":"https:\/\/dobry-kontakt.pl\/","og_site_name":"Gabinet psychoterapeutyczny \u00a0Dobry Kontakt","article_modified_time":"2026-02-27T16:56:11+00:00","twitter_card":"summary_large_image","twitter_misc":{"Szacowany czas czytania":"1 minuta"},"schema":{"@context":"https:\/\/schema.org","@graph":[{"@type":"WebPage","@id":"https:\/\/dobry-kontakt.pl\/","url":"https:\/\/dobry-kontakt.pl\/","name":"Start | Gabinet psychoterapeutyczny \u00a0Dobry Kontakt","isPartOf":{"@id":"https:\/\/dobry-kontakt.pl\/#website"},"datePublished":"2018-07-05T07:58:04+00:00","dateModified":"2026-02-27T16:56:11+00:00","description":"Gestalt, psychoterapia, psychoterapeuta, terapia, D\u0119bica, problemy, uzale\u017cnienie, alkoholizm, terapia par, terapia indywidualna","breadcrumb":{"@id":"https:\/\/dobry-kontakt.pl\/#breadcrumb"},"inLanguage":"pl-PL","potentialAction":[{"@type":"ReadAction","target":["https:\/\/dobry-kontakt.pl\/"]}]},{"@type":"BreadcrumbList","@id":"https:\/\/dobry-kontakt.pl\/#breadcrumb","itemListElement":[{"@type":"ListItem","position":1,"name":"Strona g\u0142\u00f3wna","item":"https:\/\/dobry-kontakt.pl\/"},{"@type":"ListItem","position":2,"name":"Start"}]},{"@type":"WebSite","@id":"https:\/\/dobry-kontakt.pl\/#website","url":"https:\/\/dobry-kontakt.pl\/","name":"Gabinet psychoterapeutyczny \u00a0Dobry Kontakt","description":"Terapia indywidualna. Terapia par. Terapia uzale\u017cnie\u0144.","publisher":{"@id":"https:\/\/dobry-kontakt.pl\/#organization"},"potentialAction":[{"@type":"SearchAction","target":{"@type":"EntryPoint","urlTemplate":"https:\/\/dobry-kontakt.pl\/?s={search_term_string}"},"query-input":{"@type":"PropertyValueSpecification","valueRequired":true,"valueName":"search_term_string"}}],"inLanguage":"pl-PL"},{"@type":"Organization","@id":"https:\/\/dobry-kontakt.pl\/#organization","name":"Gabinet Psychoterapeutyczny \"Dobry kontakt\"","url":"https:\/\/dobry-kontakt.pl\/","logo":{"@type":"ImageObject","inLanguage":"pl-PL","@id":"https:\/\/dobry-kontakt.pl\/#\/schema\/logo\/image\/","url":"https:\/\/dobry-kontakt.pl\/wp-content\/uploads\/2018\/07\/Logo-gabinet.png","contentUrl":"https:\/\/dobry-kontakt.pl\/wp-content\/uploads\/2018\/07\/Logo-gabinet.png","width":340,"height":347,"caption":"Gabinet Psychoterapeutyczny \"Dobry kontakt\""},"image":{"@id":"https:\/\/dobry-kontakt.pl\/#\/schema\/logo\/image\/"}}]}},"_links":{"self":[{"href":"https:\/\/dobry-kontakt.pl\/index.php\/wp-json\/wp\/v2\/pages\/66","targetHints":{"allow":["GET"]}}],"collection":[{"href":"https:\/\/dobry-kontakt.pl\/index.php\/wp-json\/wp\/v2\/pages"}],"about":[{"href":"https:\/\/dobry-kontakt.pl\/index.php\/wp-json\/wp\/v2\/types\/page"}],"author":[{"embeddable":true,"href":"https:\/\/dobry-kontakt.pl\/index.php\/wp-json\/wp\/v2\/users\/1"}],"replies":[{"embeddable":true,"href":"https:\/\/dobry-kontakt.pl\/index.php\/wp-json\/wp\/v2\/comments?post=66"}],"version-history":[{"count":12,"href":"https:\/\/dobry-kontakt.pl\/index.php\/wp-json\/wp\/v2\/pages\/66\/revisions"}],"predecessor-version":[{"id":135,"href":"https:\/\/dobry-kontakt.pl\/index.php\/wp-json\/wp\/v2\/pages\/66\/revisions\/135"}],"wp:attachment":[{"href":"https:\/\/dobry-kontakt.pl\/index.php\/wp-json\/wp\/v2\/media?parent=66"}],"curies":[{"name":"wp","href":"https:\/\/api.w.org\/{rel}","templated":true}]}}